 Let y be s(-3). Let r(v) = v + 8*v - y*v. Is 9 a factor of r(7)?
False
Let t(a) = -a**2 + 5*a + 2. Let d be t(5). Suppose d*m - 121 - 27 = 0. Is 20 a factor of m?
False
Suppose 2*t + 5*j = -t - 15, -2*j + 15 = -3*t. Is (-2)/t - (-441)/35 a multiple of 5?
False
Let k(d) = 14*d + 28. Let p be k(14). Let s = 316 - p. Does 23 divide s?
True
Suppose 60 = 2*v - b - 35, -4*v + 184 = 4*b. Does 8 divide v?
False
Suppose -2*p - 26 = 2*g, 3*p = -6*g + g - 41. Let u = p + 21. Suppose -l + u + 9 = 0. Is 9 a factor of l?
True
Let s(i) = -7 + 9*i**2 + 12 + i**3 - 2*i**3 - 9*i. Is s(7) a multiple of 11?
False
Suppose -200 = -r - 3*r. Let m = r + 16. Let h = m - 21. Is h a multiple of 15?
True
Let p be 15 + 2 - 0/(-1). Is p + (-4)/((-16)/(-12)) a multiple of 7?
True
Suppose p = 2*p + 6. Let d(a) = 18*a**2 - a - 1. Let r be d(-1). Let o = r - p. Is 12 a factor of o?
True
Let q(c) = 2*c**3 - 2*c**2 - 2*c + 1. Let w(a) = a**3 + 6*a**2 + 3. Let z be w(-6). Does 19 divide q(z)?
False
Let v = 124 - 61. Suppose -v - 57 = 5*p - 2*r, 4*p + 4*r = -96. Is (-306)/p + 1/4 a multiple of 12?
False
Let m = 49 + -19. Does 10 divide m?
True
Suppose -g - 33 = 2*g. Does 9 divide (g + 8)/(1/(-6))?
True
Suppose -5*s - 4*z + 2*z + 312 = 0, 3*z + 268 = 4*s. Is s a multiple of 12?
False
Let l(s) = -s - 10. Let g be l(-8). Let k = g - -2. Suppose k = y - 1 - 3. Does 4 divide y?
True
Let h(r) = -2*r - 7. Let k be h(-5). Suppose -b - k = -2*b. Suppose b*g - 10 = 23. Does 11 divide g?
True
Let y(m) = -m**3 + 5*m**2 - 4*m - 1. Let a be y(4). Let s be (-2)/(-6) + a/3. Suppose l + l - 28 = s. Is 7 a factor of l?
True
Let c be 2 + 13 + -2 + 0. Let w(m) = -5*m - m + 14*m**2 + 10 + 1 - m**3 - 4*m. Is w(c) a multiple of 25?
True
Let l = -2 - -5. Is (l/(-2))/((-15)/410) a multiple of 11?
False
Let z = 215 - 360. Let c = 102 - z. Suppose -4*t + 3*d + c = 0, 4*t + 20 = -d + 263. Is 18 a factor of t?
False
Let k(w) = -w**2 + 13*w - 9. Let u be k(9). Let z = -14 + u. Is 4 a factor of z?
False
Suppose 3*i - a - 359 = -6*a, -630 = -5*i - 2*a. Is 17 a factor of i?
False
Let n(i) = -i + 2*i - 4*i**3 + 2*i**3. Let x be n(-1). Does 5 divide 14/x + 1 - 2?
False
Let w = -114 - -275. Let x = w + -68. Does 20 divide x?
False
Suppose 0 = -0*z - 2*z - 14. Let x(j) = -j**2 - 7*j + 6. Is 3 a factor of x(z)?
True
Suppose -2*f + 53 = a, 287 = 5*a - 3*f + 22. Does 15 divide a?
False
Let t(i) = -i**3 + i**2 - 3. Let u be t(3). Let b(j) = -2*j**3 - 7*j**2 - 6*j - 6. Let q be b(-4). Let a = u + q. Is a a multiple of 9?
False
Suppose -5*u - 4*a + 442 = 0, 5*a - 129 = -3*u + 144. Let s = u + -50. Is s a multiple of 8?
False
Let z(d) = -15*d + 4. Does 36 divide z(-9)?
False
Let h(j) = 131*j**2 + j. Is h(-1) a multiple of 35?
False
Let l(t) = 2*t**3 + 2*t**2 - 2*t + 1. Let w be l(1). Suppose -d - 4*v = 9, -d + 6*d - w*v - 70 = 0. Is 9 a factor of d?
False
Let x = 2 - -6. Let z = 13 + x. Is 21 a factor of z?
True
Suppose h - 3*h = -32. Does 8 divide h?
True
Suppose 3*r + 68 - 230 = 0. Is 9 a factor of r?
True
Let y = 5 - 5. Suppose 5*l - 9 - 6 = y. Suppose 3*s - s + z - 48 = 0, l*z = 12. Is s a multiple of 11?
True
Suppose -2*f = 5*k - 10*k + 355, -2*k + 142 = -f. Is 14 a factor of k?
False
Is (-11)/(0 - (-5)/(-10)) a multiple of 11?
True
Suppose 6*c + 27 = 7*c. Suppose -15 = -3*q + c. Is 7 a factor of q?
True
Let p(m) be the second derivative of -7/6*m**3 + 3*m + m**2 + 0 - 1/12*m**4. Is 3 a factor of p(-6)?
False
Let u(l) = -2*l**2 - 9*l - 7. Let d be u(-3). Let p(b) = -1. Let z(v) = -13*v - 6. Let j(q) = 4*p(q) - z(q). Is 14 a factor of j(d)?
True
Let t(v) = 2*v - 1. Let u be t(4). Let o = 27 - u. Is o a multiple of 6?
False
Let u(h) = -4*h**2 + 2*h + 2*h**2 + 0*h**2 + 2. Let d be u(2). Does 4 divide 28/(-7)*6/d?
True
Does 26 divide (-15)/3*(-20 - -2)?
False
Suppose -3*d = c - 2*d - 42, 0 = -c + 5*d + 48. Does 24 divide c?
False
Is (-9)/(2/(-52)*2) a multiple of 23?
False
Suppose -3*s = p - 67, 2*s = -s - 3*p + 69. Is s a multiple of 9?
False
Let l(q) = -28*q - 20. Is l(-4) a multiple of 14?
False
Let b(g) = 4*g**2 - 13*g + 7. Is b(-6) a multiple of 11?
False
Suppose -8 = -2*q - 2*q. Let n be (-1 + 0)*(3 + q). Let u = 9 + n. Is u a multiple of 2?
True
Suppose 0 = -9*c + 5*c + 8. Is 2 a factor of c?
True
Suppose 4*l + j = -2*j - 30, -l + 4*j + 2 = 0. Let a = 44 - l. Is a a multiple of 25?
True
Suppose c + c = 2. Is -2*(-39)/6 - c a multiple of 5?
False
Suppose -2*a + k + 4*k = -37, -5*a + 4*k + 50 = 0. Let f(b) = -b**2 + 13*b - 9. Is 11 a factor of f(a)?
True
Is 15 a factor of (-66)/(-4)*12/9?
False
Let n be 267/9 + (-4)/6. Let h = -17 + n. Does 12 divide h?
True
Let p(n) = -2*n - 7. Suppose -3*w + 0*w = -k, 3*w - 5*k = 0. Let x(u) = -u - 10. Let c be x(w). Is p(c) a multiple of 5?
False
Suppose 2*w = n - 27, 4*n + 3*w = w + 98. Suppose -n = -3*b + 2*b. Is 8 a factor of b?
False
Suppose -4*v + 106 = -5*f, -4*v + 2*f - 13 = -113. Is 6 a factor of v?
True
Let u(z) = -z**3 - 7*z**2 - 2*z + 2. Let w be u(-7). Let m = w - -3. Is m a multiple of 5?
False
Suppose 0 = -3*y + 10 - 4. Suppose y*w + 0*w = 10. Suppose w*a - 4 = 3*a. Is a a multiple of 2?
True
Is 13 a factor of 26*((-8)/2 + (-152)/(-16))?
True
Let p(k) = k**3 - 2*k**2 + 3*k - 3. Let v be p(2). Suppose -4*i = v*y - 0*y - 112, -5*y = -2*i - 230. Is 11 a factor of y?
True
Suppose -b - 3*d = -18, -5*d + 28 = 3*b - 6. Suppose 106 - 7 = b*c. Is c a multiple of 11?
True
Let m(y) = y**2 + 6*y - 3. Let p = 15 + -21. Let s be m(p). Does 9 divide (2 + s)*-1*19?
False
Suppose -2*k = 3*q - 0*k + 56, -5*k = -3*q - 49. Let d = 112 - 78. Let z = d + q. Does 6 divide z?
False
Let l(k) = k + 23. Is 13 a factor of l(-10)?
True
Let i(b) be the third derivative of b**6/120 + b**4/24 + 79*b**3/6 - 3*b**2. Is i(0) a multiple of 28?
False
Let z(p) = -8*p - 4. Let y be z(-7). Let a be 46/4*8 + 0. Let v = a - y. Is 20 a factor of v?
True
Suppose w + 2*k + 95 = 0, 3*w - 4*k - 50 = -295. Is 29 a factor of (-3 + (-21)/(-9))*w?
True
Let o be (-8)/(-5) - 8/(-20). Suppose -2*c = -o*x - 6, 2*x + x + 5 = c. Is (-2)/x + 0/(-5) a multiple of 2?
True
Let i(h) = h**3 + 9*h**2 + h + 7. Let c be i(-9). Let m be 1/(3/(-18)*c). Suppose -44 = -m*t - t. Does 10 divide t?
False
Let s(h) = -h**2 + 1. Let v(b) = -4*b**2 - b + 35. Let w(t) = -5*s(t) + v(t). Is w(0) a multiple of 15?
True
Let d be 2 + -2 - (-3 + 2). Is ((-36)/(-8))/(d/2) a multiple of 9?
True
Suppose 2*q = -0 + 4. Does 16 divide q/(-6) + (-316)/(-12)?
False
Suppose -105 = -5*x + 5*l, -4*x - 3*l - 31 = -143. Does 14 divide x?
False
Let o = 15 - 10. Suppose -2*y + y - o = 2*p, 0 = 5*y + 5*p + 20. Does 4 divide (2/y)/((-8)/84)?
False
Suppose 71*r = 76*r - 40. Is 2 a factor of r?
True
Let q be 36/(-10) - (-12)/20. Is 22 a factor of (q - -4 - 2)*-44?
True
Let z(o) = -o + 2. Let w be z(0). Let a(c) = 4*c**2 + c - 1. Does 10 divide a(w)?
False
Let x be 18*(-3 - (-1 + -1)). Let c = 40 + x. Is 22 a factor of c?
True
Let p(u) = u**2 - 9*u + 3. Let g be p(7). Let f = g + 4. Let n(z) = -3*z - 6. Is 13 a factor of n(f)?
False
Suppose -3*t - 7*t = -480. Is t a multiple of 12?
True
Let x = 52 - 10. Is 14 a factor of x?
True
Suppose -2*u = u - 48. Is u a multiple of 15?
False
Let p(k) = -11*k + 2. Let h(d) = -d**3 - 4*d**2 + 2*d + 4. Let j be h(-4). Does 15 divide p(j)?
False
Let m = 11 - 7. Let g = -1 + m. Suppose 0 = -s - 4*c + 8, s + g*c - 1 = 8. Is 6 a factor of s?
True
Let s(x) = 50*x**2 + 4*x. Let a(f) = 50*f**2 + 5*f. Let h(d) = -3*a(d) + 4*s(d). Does 17 divide h(1)?
True
Suppose -4 = l - 3. Let m = -5 - l. Does 13 divide ((-52)/6)/(m/6)?
True
Let j(n) = -n**3 + 4*n**2 + 7*n. Does 22 divide j(-3)?
False
Let n be (-15)/(4/((-32)/(-12))). Let y = n + 46. Is 9 a factor of y?
True
Let w(s) be the first derivative of -s**7/840 - s**6/60 - s**5/20 + 2*s**3/3 + 4. Let f(u) be the third derivative of w(u). Is 12 a factor of f(-6)?
True
Let c(h) = -14*h - 40. Is c(-22) a multiple of 70?
False
Let c(w) = 3*w**2 + 3*w + 27. Let m(t) = -t**2 - t - 9. Let o(h) = 6*c(h) + 17*m(h). Is o(0) a multiple of 9?
True
Suppose -5*h + 3*b = -384, -48 = 3*h + 4*b - 290. Is h/(-4)*(-12)/9 a multiple of 13?
True
Suppose h - 3*y = 96, 3*h + 0*y - 263 = 4*y. Let t(r) = 7*r + 6. Let o be t(5). Let m = h - o. Is 20 a factor of m?
True
Let w be 4/14 - 444/(-14). Let f = w - -5. Does 1